factor of 120 and z?
15
Let f = 1 - -35. Let g = 31 + -7. Calculate the greatest common factor of f and g.
12
Let q(v) = 2*v**2 - 7*v + 6. Suppose -4*l - 3*y = -47, 5*y + 4 = 9. Suppose 0 = 5*u - l - 9. Let m be q(u). Calculate the highest common factor of m and 90.
10
Let v be ((-1)/(-2))/((-2)/(-48)). Let o = 30 - 116. Let d = 22 - o. What is the greatest common divisor of d and v?
12
Let o(b) = -50*b - 1. Let a be o(-2). Suppose 276 = 5*s - a. Let w(h) = 16*h**3 - 2*h**2 + 1. Let m be w(1). What is the greatest common divisor of s and m?
15
Suppose 3*m - 12 = 5*m. Let w = m - -14. Calculate the greatest common divisor of w and 64.
8
Let m = 27 - 15. Let u = 30 - m. What is the greatest common divisor of 12 and u?
6
Suppose 0 = -3*s + 5*s - 18. Let y = 1 - -8. What is the highest common factor of y and s?
9
Let l be 42 - (-3 + 3)/3. What is the greatest common divisor of 105 and l?
21
Suppose -3*i = -4*x - 47, 3*x = -i + 5*x + 13. Calculate the highest common factor of i and 21.
21
Let r be (18 - 2)*4 + 0. Calculate the greatest common divisor of 8 and r.
8
Let i be -1 + 66 - (2 + 0). Suppose 7*y = -2*v + 3*y + 14, -5*v + 49 = -4*y. What is the greatest common factor of v and i?
9
Let l(b) be the third derivative of b**5/60 + 5*b**4/12 + 11*b**3/6 + 7*b**2. Let t be l(-9). Calculate the highest common factor of 22 and t.
2
Suppose -19*k = -6*k - 3159. What is the greatest common divisor of 27 and k?
27
Let q = -48 + 123. Calculate the greatest common factor of q and 25.
25
Let h = 172 + 279. Calculate the highest common divisor of 41 and h.
41
Let x be 22 - (-3 - (1 + -1)). Suppose -f + 36 = 2*g, 4*g + g - x = 0. Calculate the greatest common divisor of 39 and f.
13
Suppose 3*r = -v + 24, 0 = -5*v - r - 19 + 167. Suppose -3*j - 12 = -v. Calculate the highest common divisor of 6 and j.
6
Suppose -3*u + 2*p = -37, 6*u - 3*p = 2*u + 50. What is the greatest common factor of 33 and u?
11
Let r be -9*((-84)/(-9))/(-2). Calculate the highest common factor of 14 and r.
14
Let u(b) = 2*b**2 - 42*b - 54. Let m be u(24). Let i = -2 - -12. What is the greatest common factor of m and i?
10
Let o(h) = -h**2 - 5*h + 2. Let t be o(-4). What is the highest common factor of t and 66?
6
Let i be 15/12 - (-1)/(-4). Let h = i + 1. Suppose h*v + 14 = l, l = 2*v + 3*v + 29. Calculate the highest common factor of l and 32.
4
Let w be 0/(3 - 1) + 13. Calculate the highest common factor of 39 and w.
13
Suppose -g + 9 = 2*g, 0 = 3*w - 4*g - 72. Suppose 4*j - 6 = -5*f + 259, -2*f = 5*j - 344. Calculate the highest common divisor of w and j.
14
Suppose 0*k + 2*k + 150 = 0. Let q be -6*(-1)/(-2) - k. Calculate the highest common factor of 9 and q.
9
Let g = 19 + -8. Let b be (-2)/7 + 1698/14. What is the greatest common factor of b and g?
11
Let c = 112 - 61. Suppose 5*d - c = -2*n + n, -12 = 3*n. Calculate the highest common divisor of 99 and d.
11
Suppose 2*v = 21 - 181. Let i be -1 + (v/2)/(-2). Let m = i - 4. Calculate the highest common factor of 10 and m.
5
Let k(c) = -6*c - 52. Let d be k(-22). Calculate the highest common factor of 10 and d.
10
Suppose -9*x - 198 = -18*x. Calculate the highest common factor of x and 110.
22
Suppose g - 3 + 0 = 0. Suppose 8*d - 10 = g*d. Suppose 3*o = d*o + 18. What is the greatest common divisor of o and 198?
18
Let i(o) = -o**3 + 13*o**2 - 10*o - 17. Let m be i(12). Let x = m - 2. Suppose 4*y + x = 17. What is the greatest common divisor of 3 and y?
3
Let z be (-7767)/(-72) - (-1)/8. What is the greatest common factor of 12 and z?
12
Let i = 8 - 13. Let c = 8 + i. Suppose 0 = b - 4*l - 32, -73 = -c*b + b - l. What is the greatest common divisor of b and 4?
4
Suppose 3*h - 62 = -f - 2*h, -5*h - 190 = -5*f. What is the highest common factor of 21 and f?
21
Let n = 142 + -97. What is the highest common factor of 15 and n?
15
Let w be ((-12)/10)/(3/(-25)). What is the greatest common factor of 10 and w?
10
Let p(r) = 28*r**3 + r**2 - r. Let v be p(1). Calculate the greatest common divisor of v and 42.
14
Suppose z + 3*n = 3*z - 3, -5*z - 2*n - 21 = 0. Let u be (-1)/(-3) - (-22)/z. Let o = 12 + u. Calculate the highest common divisor of 45 and o.
5
Let f be (-44)/(-8) - 2/4. Suppose -10 = 3*y - f*y. Suppose -4*i = -i - 4*u - 76, y*i + 2*u - 92 = 0. What is the greatest common divisor of i and 10?
10
Let h(p) = -p - 19. Let c be h(-14). Let q = 5 - c. What is the greatest common divisor of q and 100?
10
Let j = -87 + 102. What is the greatest common divisor of j and 10?
5
Suppose 3*v - y - 6 = 0, 0 = -2*v - y - 1 - 0. Let r = v - -9. Let d be -1 - -1 - (-30)/1. Calculate the greatest common divisor of d and r.
10
Let y be 8/(-4) + (5 - 0). Suppose 0 = -0*k - y*k + 42. What is the highest common divisor of k and 7?
7
Let k be 12/9*1*-3. Let a(t) = -t - 2. Let p be a(k). Suppose 7 = x + p*f, -5 = 5*f - 0. Calculate the greatest common factor of 9 and x.
9
Suppose -4*u - 260 = -8*u. Suppose -16*o + 550 = 134. What is the greatest common factor of o and u?
13
Suppose -3*k + 0*k = -18. Calculate the greatest common factor of 30 and k.
6
Let x(u) = 17*u**2 + u - 1. Let a be x(1). Suppose a*j = 19*j - 2. Calculate the greatest common divisor of j and 2.
1
Suppose -8 = -5*u + 92. Let o = -15 + 115. What is the greatest common divisor of o and u?
20
Let w = -261 - -536. What is the greatest common factor of w and 25?
25
Let z = -5 + 21. Calculate the highest common divisor of z and 8.
8
Let w(f) = 71*f - 4. Let o be w(6). Suppose -4*h + 122 = -o. Suppose -3*l + 0*v = 4*v - 39, -5*l - 2*v + 79 = 0. What is the highest common divisor of h and l?
17
Suppose 4*n - 615 = -3*v + 954, 5*n - 3*v = 1995. Calculate the highest common factor of n and 44.
44
Let l = 1 - 0. Let x be (2 - 28/10)/(25/(-125)). What is the highest common factor of x and l?
1
Let s(d) = -d**3 - 16*d**2 - 18*d - 22. Let n be s(-15). Calculate the highest common factor of n and 23.
23
Suppose 5*j - 588 = 2*j. Suppose -5*a + j = -z, -4*z + 35 = a - 0*z. What is the highest common factor of 13 and a?
13
Let y(x) = 4*x - 19. Let u be y(6). What is the highest common divisor of u and 55?
5
Suppose -j + 6 = 2*j. Let c = j - -1. What is the highest common factor of c and 33?
3
Let k(f) = 30*f - 2. Let v be k(1). Suppose 0 = -2*p - 4*z + 425 + 207, 2*z = 2*p - 608. What is the greatest common divisor of p and v?
28
Suppose -2*f - 13 = -31. Calculate the greatest common factor of f and 27.
9
Let p be -1 + (3 - 3) + 5. Calculate the greatest common factor of 10 and p.
2
Let j = 52 + 12. Calculate the greatest common factor of j and 96.
32
Suppose -4*x + 265 - 97 = 0. Calculate the highest common divisor of 462 and x.
42
Suppose 4*p + 7*p - 363 = 0. Suppose 4*h - 8 = -0*h. Suppose h*v - v = p. What is the greatest common factor of 11 and v?
11
Suppose 0*n = 3*n - 6. Suppose -11 - 16 = -5*m + n*p, 5*m - 22 = -3*p. Let h = -3 + m. What is the highest common divisor of 5 and h?
1
Let n be 1/((5/(-110))/(-1)). Calculate the greatest common factor of n and 143.
11
Suppose -2*h + 52 = 2*h. Calculate the greatest common factor of h and 208.
13
Suppose -4*b = -3*c + 277, -3*c - 3*b + 272 = -2*b. Calculate the highest common factor of 39 and c.
13
Let s = 30 - 29. Calculate the greatest common factor of s and 3.
1
Suppose 2*s = -3 + 9. Let z = s - 39. Let a be z/(-14)*28/6. What is the highest common factor of a and 132?
12
Suppose -167 - 65 = -8*d. What is the highest common factor of 203 and d?
29
Suppose -5*r + 2*r + 63 = 0. Let j = r + -39. Let p be (-2)/(-9) + (-140)/j. Calculate the greatest common divisor of 24 and p.
8
Let g be (13 - 1)*40/30. What is the highest common factor of 2 and g?
2
Suppose 3*u + 5 = 5*u - a, u = -3*a - 1. Suppose 3*k = -u*k + 175. Let i = k - 23. What is the highest common factor of i and 108?
12
Suppose 3*x + 2*x = 125. Suppose -5*b - 4*d = -b - 28, 3*b - x = -4*d. Calculate the greatest common factor of b and 6.
3
Let y = 76 + -36. What is the highest common factor of 60 and y?
20
Let n be 2 + (-351)/(-3) - 4. Suppose 3 = 4*r - 9, -4*w = 5*r - 107. Calculate the greatest common divisor of w and n.
23
Suppose 0 = 5*w - 3*w + 2*o - 18, 5*o - 33 = -2*w. Let g = w + 12. Calculate the highest common divisor of 24 and g.
8
Let x be 7 + (-3)/(-3) + 2. Let s be (-2